What is the remainder when 28632 is divided by 206?
204
Calculate the remainder when 82 is divided by 12.
10
What is the remainder when 553 is divided by 6?
1
Calculate the remainder when 257 is divided by 115.
27
What is the remainder when 738 is divided by 10?
8
Calculate the remainder when 24 is divided by 14.
10
What is the remainder when 50 is divided by 14?
8
What is the remainder when 4084 is divided by 46?
36
Calculate the remainder when 712 is divided by 90.
82
What is the remainder when 336 is divided by 36?
12
What is the remainder when 388 is divided by 54?
10
What is the remainder when 584 is divided by 2?
0
Calculate the remainder when 54 is divided by 31.
23
Calculate the remainder when 6731 is divided by 34.
33
Calculate the remainder when 783 is divided by 16.
15
What is the remainder when 256 is divided by 44?
36
Calculate the remainder when 52 is divided by 10.
2
What is the remainder when 341 is divided by 72?
53
What is the remainder when 1502 is divided by 49?
32
What is the remainder when 9863 is divided by 282?
275
What is the remainder when 702 is divided by 37?
36
Calculate the remainder when 208 is divided by 55.
43
Calculate the remainder when 8327 is divided by 14.
11
Calculate the remainder when 1171 is divided by 5.
1
What is the remainder when 3033 is divided by 46?
43
Calculate the remainder when 2706 is divided by 901.
3
Calculate the remainder when 325 is divided by 111.
103
Calculate the remainder when 1569 is divided by 389.
13
Calculate the remainder when 199 is divided by 57.
28
What is the remainder when 5885 is divided by 2934?
17
What is the remainder when 564 is divided by 196?
172
What is the remainder when 323 is divided by 56?
43
What is the remainder when 208 is divided by 30?
28
Calculate the remainder when 1392 is divided by 108.
96
What is the remainder when 430 is divided by 48?
46
What is the remainder when 1489 is divided by 23?
17
Calculate the remainder when 54 is divided by 53.
1
What is the remainder when 2513 is divided by 37?
34
Calculate the remainder when 79 is divided by 28.
23
What is the remainder when 6617 is divided by 1651?
13
What is the remainder when 64 is divided by 11?
9
What is the remainder when 33 is divided by 25?
8
Calculate the remainder when 243 is divided by 20.
3
What is the remainder when 1690 is divided by 186?
16
Calculate the remainder when 743 is divided by 108.
95
What is the remainder when 1126 is divided by 289?
259
What is the remainder when 429 is divided by 16?
13
Calculate the remainder when 152 is divided by 32.
24
What is the remainder when 68 is divided by 25?
18
Calculate the remainder when 66 is divided by 33.
0
Calculate the remainder when 137 is divided by 42.
11
What is the remainder when 1477 is divided by 93?
82
What is the remainder when 890 is divided by 20?
10
What is the remainder when 100 is divided by 28?
16
What is the remainder when 102 is divided by 54?
48
What is the remainder when 6465 is divided by 66?
63
Calculate the remainder when 4958 is divided by 9.
8
What is the remainder when 1566 is divided by 178?
142
Calculate the remainder when 64 is divided by 27.
10
Calculate the remainder when 894 is divided by 45.
39
Calculate the remainder when 486 is divided by 226.
34
Calculate the remainder when 96 is divided by 33.
30
Calculate the remainder when 957 is divided by 64.
61
Calculate the remainder when 331 is divided by 9.
7
Calculate the remainder when 4549 is divided by 52.
25
What is the remainder when 2783 is divided by 68?
63
Calculate the remainder when 541 is divided by 110.
101
Calculate the remainder when 1429 is divided by 34.
1
Calculate the remainder when 139 is divided by 26.
9
What is the remainder when 82 is divided by 71?
11
What is the remainder when 32 is divided by 24?
8
Calculate the remainder when 307 is divided by 63.
55
Calculate the remainder when 97 is divided by 9.
7
What is the remainder when 205 is divided by 14?
9
What is the remainder when 4653 is divided by 13?
12
Calculate the remainder when 6264 is divided by 26.
24
Calculate the remainder when 528 is divided by 114.
72
What is the remainder when 486 is divided by 106?
62
Calculate the remainder when 910 is divided by 102.
94
Calculate the remainder when 231 is divided by 42.
21
What is the remainder when 197 is divided by 52?
41
What is the remainder when 251 is divided by 15?
11
What is the remainder when 223 is divided by 57?
52
Calculate the remainder when 472 is divided by 228.
16
Calculate the remainder when 906 is divided by 24.
18
What is the remainder when 439 is divided by 112?
103
What is the remainder when 196 is divided by 100?
96
Calculate the remainder when 881 is divided by 51.
14
Calculate the remainder when 206 is divided by 53.
47
What is the remainder when 43 is divided by 27?
16
Calculate the remainder when 2 is divided by 1.
0
Calculate the remainder when 986 is divided by 5.
1
What is the remainder when 244 is divided by 76?
16
Calculate the remainder when 166 is divided by 42.
40
What is the remainder when 1649 is divided by 21?
11
Calculate the remainder when 642 is divided by 137.
94
Calculate the remainder when 69 is divided by 18.
15
Calculate the remainder when 1190 is divided by 4.
2
What is the remainder when 118 is divided by 28?
6
Calculate the remainder when 403 is divided by 12.
7
What is the remainder when 389 is divided by 64?
5
What is the remainder when 270 is divided by 87?
9
Calculate the remainder when 71 is divided by 31.
9
Calculate the remainder when 846 is divided by 54.
36
What is the remainder when 179 is divided by 3?
2
What is the remainder when 159 is divided by 43?
30
What is the remainder when 1223 is divided by 122?
3
Calculate the remainder when 15308 is divided by 189.
188
Calculate the remainder when 19 is divided by 5.
4
Calculate the remainder when 286 is divided by 23.
10
What is the remainder when 4359 is divided by 40?
39
Calculate the remainder when 9087 is divided by 15.
12
Calculate the remainder when 612 is divided by 200.
12
What is the remainder when 1700 is divided by 236?
48
Calculate the remainder when 13667 is divided by 30.
17
Calculate the remainder when 3548 is divided by 13.
12
What is the remainder when 404 is divided by 63?
26
Calculate the remainder when 97 is divided by 54.
43
Calculate the remainder when 163 is divided by 41.
40
What is the remainder when 449 is divided by 41?
39
What is the remainder when 256 is divided by 44?
36
Calculate the remainder when 3338 is divided by 197.
186
What is the remainder when 74 is divided by 3?
2
What is the remainder when 474 is divided by 89?
29
What is the remainder when 214 is divided by 36?
34
Calculate the remainder when 2156 is divided by 677.
125
What is the remainder when 397 is divided by 50?
47
What is the remainder when 121 is divided by 109?
12
What is the remainder when 987 is divided by 121?
19
Calculate the remainder when 260 is divided by 143.
117
What is the remainder when 912 is divided by 447?
18
What is the remainder when 68 is divided by 7?
5
What is the remainder when 47 is divided by 4?
3
What is the remainder when 632 is divided by 14?
2
What is the remainder when 92 is divided by 81?
11
Calculate the remainder when 125 is divided by 26.
21
What is the remainder when 68 is divided by 25?
18
Calculate the remainder when 340 is divided by 19.
17
What is the remainder when 629 is divided by 148?
37
What is the remainder when 485 is divided by 42?
23
Calculate the remainder when 28 is divided by 16.
12
What is the remainder when 897 is divided by 9?
6
Calculate the remainder when 1182 is divided by 91.
90
Calculate the remainder when 123 is divided by 67.
56
What is the remainder when 432 is divided by 208?
16
What is the remainder when 1179 is divided by 293?
7
What is the remainder when 327 is divided by 48?
39
Calculate the remainder when 254 is divided by 13.
7
Calculate the remainder when 12 is divided by 2.
0
Calculate the remainder when 200 is divided by 61.
17
What is the remainder when 215 is divided by 28?
19
What is the remainder when 42 is divided by 5?
2
What is the remainder when 692 is divided by 12?
8
What is the remainder when 457 is divided by 77?
72
What is the remainder when 18 is div